 - 4*s = -10*p - 12, 2*s = p + 6. Suppose -l*y + 7*y - 30 = p. What is the remainder when 28 is divided by y?
8
Suppose 18*f - 1500 = 8*f. What is the remainder when f is divided by 14?
10
Let r = -40 + 58. Calculate the remainder when 37 is divided by r.
1
Let t(q) = -q**2 + 12*q. Let x be t(10). What is the remainder when x/(-70) + 102/14 is divided by 2?
1
Let k = 10 - 6. Suppose 0 = -0*y + k*y - 3*x - 44, 3*y = 3*x + 36. Suppose r + y = 52. Calculate the remainder when r is divided by 23.
21
Let r = -270 - -176. Let w be (r/8)/((-3)/24). Let i = w + -21. What is the remainder when i is divided by 19?
16
Let c(l) = -2 + 12*l**2 + 20 - 2*l - l**3 + l**2 + l. Let q be c(13). Suppose s - q = -2*p, -2*p - p + 11 = 2*s. What is the remainder when 11 is divided by s?
4
Let p(v) = v**2 + 14*v + 113. Calculate the remainder when p(0) is divided by 56.
1
Let x(q) = q**3 + q + 7. Suppose 5*w + 20 = 3*g, 29 - 2 = 5*g - 2*w. Suppose 0 = d + g, -s = -4*d - 33. What is the remainder when s is divided by x(0)?
6
Let m(i) be the third derivative of i**4/12 - 5*i**3/6 - 3*i**2. Let v be m(6). Suppose -2*s + v*s - 55 = 0. Calculate the remainder when 31 is divided by s.
9
Suppose -4*m - 3 = f, -m + 5 = -2*m. Let c(s) = s**2 - 4. Let h be c(3). Suppose -h*i + 0*i + 30 = 0. Calculate the remainder when f is divided by i.
5
Suppose 220 = 4*g + 5*y + 39, -4*y + 136 = 3*g. Calculate the remainder when 214 is divided by g.
38
Let j be 45/6*1*8/5. Calculate the remainder when (-67)/(9/(-6)*j/18) is divided by 17.
16
Let m = 3199 + -2129. Calculate the remainder when m is divided by 37.
34
Let m = 1466 + -1391. What is the remainder when 1198 is divided by m?
73
Let u(t) = -t**2 - 19*t - 9. Let s be 38/(-3) - ((-3)/1)/(-9). What is the remainder when u(s) is divided by (-1)/(-2) - (-35)/2?
15
Suppose -4*q + 816 = 4*p, 2*p - p + 3 = 0. Calculate the remainder when q is divided by 14.
11
Let w(d) = -d**2 - 18*d - 37. What is the remainder when 359 is divided by w(-4)?
17
Suppose 23 = d - 30. Calculate the remainder when d is divided by (-18)/(-12)*4/(-12)*-16.
5
Suppose -4*a = -7*a + 147. Suppose 4*y + i - 13 = 3*y, -3*y = -4*i - 53. What is the remainder when a is divided by y?
4
Calculate the remainder when (-6)/4 - (-4225)/50 is divided by 13.
5
Suppose 0 = -2*d + 4, d = -2*z - 29 + 405. Let n(b) = b**3 - 4*b**2 - 7*b - 3. Calculate the remainder when z is divided by n(6).
25
Suppose -6 = -2*w - 0*w. Suppose -72 = 105*v - 111*v. Calculate the remainder when v is divided by w.
0
Suppose 0 = -3*i - 7 + 1. Let o be 1 - (i + 0/1). Suppose 3*z + 4*s - 29 = 0, -4*s = 4*z - 43 + o. What is the remainder when 20 is divided by z?
9
Suppose -y = -5*y - 20. Let r(n) = -11*n - 8. Let g be r(y). Let j = -7 + g. What is the remainder when j is divided by 14?
12
Suppose -19 = 3*p + 5. Let z = p + 5. Calculate the remainder when ((-93)/z - -1) + 3 is divided by 9.
8
Let c(f) = -4*f**2 - 6*f + 21. What is the remainder when 313 is divided by c(-3)?
1
Let u(v) = 3*v**3 + 2*v**2 - 8*v + 9. Suppose -2*d = 10, 5*w - w + 2*d = 6. Calculate the remainder when u(w) is divided by 34.
31
Let f(r) = r**3 - r**2 + 14. Suppose q - 35 + 45 = 0. Let i(g) = -5*g + 31. What is the remainder when i(q) is divided by f(0)?
11
Let o(a) = -a**3 - 13*a**2 + 11*a - 10. Let s be o(-13). Let i be -5 + s + 1 + 0. Let k = 255 + i. Calculate the remainder when k is divided by 25.
23
Suppose 5*k - 4*g - 1800 = -356, 3*k - g - 865 = 0. Calculate the remainder when k is divided by 29.
27
Suppose 3*u + t = 5*t + 113, -3*u - 5*t = -68. What is the remainder when 493 is divided by u?
28
Let h(i) = i - 7. Let w be h(6). Let z be (7/(-21))/(1/3). What is the remainder when 39 is divided by w + z - (-5 + -11)?
11
Suppose 2*k + 10 = 4*k, 5*h = -5*k + 165. Calculate the remainder when h is divided by 20.
8
Let d = 1433 - 1175. Calculate the remainder when d is divided by 38.
30
Let t = 37 + 9. Suppose -c + 3*j + 3 = -10, -3*j + 53 = 2*c. Suppose -2*m + 12 = -c. Calculate the remainder when t is divided by m.
12
Suppose -6*s = -2*s. Suppose s = 3*u + 5*z + 4, 2 - 14 = -3*u + 3*z. What is the remainder when 7 is divided by (-42)/(-10) + u/(-10)?
3
Suppose -5*r = z - 202, r = -3*r + 2*z + 156. What is the remainder when 139 is divided by r?
19
Let u(z) = -z**2 - 19*z + 46. Let g be (-3)/(-2)*(-15 + 5 + -4). What is the remainder when 22 is divided by u(g)?
2
Suppose -4*c + 24 = 4. Suppose -79 = -c*z - b - 0*b, -2*z - 2*b = -30. What is the remainder when 62 is divided by z?
14
Suppose 0 = 3*s + 3*u - 9, -3*u - 2*u - 1 = -3*s. Suppose -14 = -3*i + 3*m + 1, -3 = -3*i - 3*m. What is the remainder when i is divided by (3/s)/(9/12)?
1
Suppose -2*x + 0*x + 28 = 0. Suppose 7*i + 13 = 8*i. Suppose 1393 = i*k + 145. What is the remainder when k is divided by x?
12
Let g(p) = -3*p + 4. Let y be g(-8). Suppose -4*s = d - 82, -4*d = s - 0*s - y. What is the remainder when 39 is divided by s?
19
Suppose 0 = 4*z - 2*z + 2*b + 2, 0 = 2*z + 3*b - 1. Let t = z + 13. Suppose 8*p - 11*p + 99 = 0. Calculate the remainder when p is divided by t.
6
Let d = 24 + -16. Calculate the remainder when 46 + -2 + (0 - -1 - 0) is divided by d.
5
Let r(m) = 2*m**2 + 25*m + 47. Calculate the remainder when 539 is divided by r(-13).
59
Let q = 51 + -14. Suppose -5*g - 31 = 2*i + 1042, 5*i = -20. Let n = g - -359. Calculate the remainder when n is divided by q.
35
Suppose -4*r + 17 = -11. Suppose -w + r = -6. Calculate the remainder when w is divided by (25/(-5) - -2) + 7.
1
Suppose 0 = 5*g + 3*z - 495 + 155, 3*z + 15 = 0. Let d = g - 38. What is the remainder when 127 is divided by d?
28
Let i(y) = -y**3 - 4*y - 12. Let j(s) = s**2 + s + 1. Let z(g) = -i(g) - 5*j(g). Let t be z(5). What is the remainder when t/6 + (-560)/(-21) is divided by 15?
12
Suppose 0 = 19*y - 0*y - 266. Calculate the remainder when 321 is divided by y.
13
Let c = -660 + 737. Calculate the remainder when c is divided by (-4)/(-8) + (-53)/(-2).
23
Suppose -5*l - 18 = -163. Let r = 8391 - 8383. What is the remainder when l is divided by r?
5
Let u be (3/(-2))/((-1)/2). Let k be u/(-12) + 189/4. Suppose -21 = -4*o + k. What is the remainder when 66 is divided by o?
15
Let y be (-94 - -3)/(4 - 3). Calculate the remainder when 1/(-6) - y/6 is divided by 9.
6
Let k(o) = 2*o**2 + 5*o + 2*o - 16*o + 5*o. Suppose 0 = -3*z - 3*i + 24, -i - 35 = -5*z - 5*i. What is the remainder when 16 is divided by k(z)?
4
Let v(j) = 2*j**3 - 2*j**2 + j + 2. Let z be v(2). Suppose -6*o + 4*o = -114. Suppose -3*p + o = -z. What is the remainder when p is divided by 6?
5
Let o = 161 - 229. Let q = o - -81. Calculate the remainder when 35 is divided by q.
9
Let z(d) be the second derivative of 2*d**3/3 + d**2/2 + 2*d - 12. Calculate the remainder when 24 is divided by z(0).
0
Let f(w) = 3*w. Suppose 6*v - v - 10 = 0. Suppose v*a - 4 = -0. What is the remainder when 23 is divided by f(a)?
5
Let u(k) = -8*k + 13. Calculate the remainder when 154 is divided by u(-5).
48
Suppose -3*w + 4*y + 17 = 0, -2*y + 15 = 5*w - 22. Suppose -5*u = -4*u - 3. Suppose u*r - 12 + 0 = 0. Calculate the remainder when w is divided by r.
3
Let w be ((-8)/(-12))/((-4)/(-54)). Let x(b) = b**2 - 7*b - 4. Calculate the remainder when 23 is divided by x(w).
9
Let d(p) = -4*p**2 + 32*p - 11. What is the remainder when (-2)/7 - (-928)/14 is divided by d(7)?
15
Suppose a - 13 = -2*m + 2, 2*m = 2*a. Suppose s + m*l - 26 = 0, 3*s - 4*l - 84 - 32 = 0. What is the remainder when s is divided by 6/27 + (-64)/(-36) + 11?
10
Let h(d) = -3*d**3 - 2*d**2 + 3*d + 19. What is the remainder when h(-4) is divided by 12?
11
What is the remainder when (-10 + 9)/(4/(-100)) is divided by 8?
1
Suppose -513 = -4*q - 89. Let u = -17 + 53. Calculate the remainder when q is divided by u.
34
Let f = -1989 + 2008. What is the remainder when 34 is divided by f?
15
What is the remainder when 90 is divided by (1 - -4)*(-138)/(-15)?
44
What is the remainder when (-4)/30 + (-216956)/(-1095) is divided by 26?
16
Suppose 8*p = 3377 + 1455. What is the remainder when p is divided by 38?
34
Let s(w) = -w**2 + 26*w - 94. Suppose 5*r = r + 360. Suppose -u = -4*u + r. Calculate the remainder when u is divided by s(5).
8
Let y be 300/(-7)*(-29 - -1). Suppose o + 3*o = y. Supp